{"id":1323,"date":"2012-11-20T11:32:32","date_gmt":"2012-11-20T11:32:32","guid":{"rendered":"http:\/\/www.pmlabogadosgrupoasesor.com\/quienes-somos-2\/"},"modified":"2021-12-01T13:03:11","modified_gmt":"2021-12-01T12:03:11","slug":"who-we-are","status":"publish","type":"page","link":"https:\/\/www.pmlabogadosgrupoasesor.com\/en\/who-we-are\/","title":{"rendered":"Who we are"},"content":{"rendered":"<div class=\"layout-p-50x50 clear-fix \"><br \/>\n<div class=\"column-left paragraph\"><br \/>\n<img loading=\"lazy\" decoding=\"async\" class=\"alignnone wp-image-1213 size-full\" src=\"http:\/\/www.pmlabogadosgrupoasesor.com\/wp-content\/uploads\/2014\/11\/Quinenes-somos.jpg\" alt=\"Qui\u00e9nes somos\" width=\"480\" height=\"320\" srcset=\"https:\/\/www.pmlabogadosgrupoasesor.com\/wp-content\/uploads\/2014\/11\/Quinenes-somos.jpg 480w, https:\/\/www.pmlabogadosgrupoasesor.com\/wp-content\/uploads\/2014\/11\/Quinenes-somos-300x200.jpg 300w\" sizes=\"auto, (max-width: 480px) 100vw, 480px\" \/><br \/>\n<\/div><br \/>\n<div class=\"column-right paragraph\"><br \/>\n<h3 class=\"top-0\">PML Abogados, Grupo Asesor<span class=\"underline\"><\/span><\/h3><\/p>\n<p><strong>PML Abogados, Grupo Asesor<\/strong> is a firm specializing in providing legal and tax services to both companies and individuals, highlighting our areas of Banking, Insolvency, Commercial, Civil and Tax Law.<\/p>\n<p><strong>PML Abogados, Grupo Asesor<\/strong> is formed by a team of professionals who are highly specialized and have gained extensive experience in renowned law firms.<\/p>\n<p>We offer the quality, the efficiency and the guarantee of a large Firm combined with high added value: providing closer personal attention to our clients.<\/p>\n<p>Our team is made up of 12 professionals.\u00a0<a title=\"Perfil en Linkedin de Antonio P\u00e9rez-Manglano Ordov\u00e1s\" href=\"http:\/\/es.linkedin.com\/pub\/antonio-p\u00e9rez-manglano-ordov\u00e1s\/33\/490\/86\">Antonio P\u00e9rez-Manglano Ordov\u00e1s<\/a>\u00a0is the Director of the Legal Department and\u00a0<a title=\"Perfil en Linkedin de Vicente Graullera Moroder\" href=\"http:\/\/es.linkedin.com\/in\/vicentegraulleramoroder\">Vicente Graullera Moroder<\/a>\u00a0is the Director of the Tax Department.<\/p>\n<p>Additionally, we have an extensive network of national and international associates, who regularly collaborate with us.<\/p>\n<p><\/div><br \/>\n<\/div>\n<div class=\"clear-fix team team-carousel-disable team-header-enable \" id=\"team-7DB3341AD1C6FC0218A4A050ABA0B48E\"><h3 class=\"top-0\">Our team<span class=\"underline\"><\/span><\/h3><ul class=\"list-0 clear-fix team-list layout-p-50x50\"><li class=\"column-left\"><div class=\"clear-fix single-image\"><div><div><a href=\"http:\/\/es.linkedin.com\/pub\/antonio-p\u00e9rez-manglano-ordov\u00e1s\/33\/490\/86\" class=\"preloader target-blank overlay-url\" ><img decoding=\"async\" src=\"https:\/\/www.pmlabogadosgrupoasesor.com\/wp-content\/uploads\/2014\/11\/Equipo-antonio-480x240.jpg\" alt=\"Antonio P\u00e9rez-Manglano Ordov\u00e1s\" \/><\/a><\/div><div class=\"hidden\"><h4>Introduction<\/h4><p>Antonio P\u00e9rez-Manglano Ordov\u00e1s, founding partner of PML Abogados, Grupo Asesor. He is the director and responsible for the litigation, commercial and civil department of the firm. <\/p><p>He has over 20 years of experience working as a lawyer providing legal advice to companies and financial and credit institutions. Hence, Antonio has worked for 15 years advising Caja de Ahorros y Pensiones de Barcelona &#8211; La Caixa &#8211; at the Territorial Delegation of the Autonomous Community of Valencia and Murcia on litigation and commercial matters.<\/p><p>Likewise, since 1994, Antonio has been working as a lawyer for Uni\u00f3n de Cr\u00e9ditos Inmobiliarios, Establecimiento Financiero de Cr\u00e9dito, S.A., a company which belongs to Grupo Santander and BNP PARIBAS. <\/p><h4>Education<\/h4><ul><li>Bachelor of Laws, specializing in Private Law from the University of Valencia.<\/li><li>He has successfully completed PhD courses in Commercial Law at the University of Valencia, as well as several postgraduate and specialization courses.<\/li><\/ul><p>[email-obfuscate email=&#8221;perezmanglano@pmlabogadosgrupoasesor.com&#8221;]<br \/>Tel. +34 963 943 660<\/p><\/div><\/div><div class=\"gallery-bottom-box\"><div class=\"default\"><\/div><div class=\"hover\"><\/div><h3>Antonio P\u00e9rez-Manglano Ordov\u00e1s<\/h3><h5>Partner of the Legal and Litigation Department at PML Abogados, Grupo Asesor<\/h5><\/div><\/div><div class=\"paragraph team-item-list-excerpt\"><h4>Introduction<\/h4><p>Antonio P\u00e9rez-Manglano Ordov\u00e1s, founding partner of PML Abogados, Grupo Asesor. He is the director and responsible for the litigation, commercial and civil department of the firm. <\/p><p>He has over 20 years of experience working as a lawyer providing legal advice to companies and financial and credit institutions. Hence, Antonio has worked for 15 years advising Caja de Ahorros y Pensiones de Barcelona &#8211; La Caixa &#8211; at the Territorial Delegation of the Autonomous Community of Valencia and Murcia on litigation and commercial matters.<\/p><p>Likewise, since 1994, Antonio has been working as a lawyer for Uni\u00f3n de Cr\u00e9ditos Inmobiliarios, Establecimiento Financiero de Cr\u00e9dito, S.A., a company which belongs to Grupo Santander and BNP PARIBAS. <\/p><h4>Education<\/h4><ul><li>Bachelor of Laws, specializing in Private Law from the University of Valencia.<\/li><li>He has successfully completed PhD courses in Commercial Law at the University of Valencia, as well as several postgraduate and specialization courses.<\/li><\/ul><p>[email-obfuscate email=&#8221;perezmanglano@pmlabogadosgrupoasesor.com&#8221;]<br \/>Tel. +34 963 943 660<\/p><\/div><div class=\"paragraph team-item-list-link\"><a href=\"http:\/\/es.linkedin.com\/pub\/antonio-p\u00e9rez-manglano-ordov\u00e1s\/33\/490\/86\" class=\"more\">Additional information<\/a><\/div><\/li><li class=\"column-right\"><div class=\"clear-fix single-image\"><div><div><a href=\"http:\/\/es.linkedin.com\/in\/vicentegraulleramoroder\" class=\"preloader target-blank overlay-url\" ><img decoding=\"async\" src=\"https:\/\/www.pmlabogadosgrupoasesor.com\/wp-content\/uploads\/2012\/11\/Equipo-vicente-480x240.jpg\" alt=\"Vicente Graullera Moroder\" \/><\/a><\/div><div class=\"hidden\"><h4>Introduction<\/h4><p>Vicente Graullera Moroder joined PML Abogados, Grupo Asesor in 2013 as partner and director of the firm&#8217;s tax department.<\/p><p>He has over 25 years of experience working as a lawyer advising both national and international companies. He developed his career for 15 years, both in KPMG Abogados and PricewaterhouseCoopers (PwC). <\/p><p>President of the Department of Tax Law of the Bar Association of Valencia.<\/p><p>Vicente has worked as a lecturer on the Master&#8217;s Degree in Legal Advice of Fundaci\u00f3n de Estudios Burs\u00e1tiles y Financieros of Valencia (FEBF) on business restructuring as well as a lecturer at the Faculty of Economics at the University of Murcia.<\/p><p>He is currently a professor of Tax Law at the International University of La Rioja. He also teaches Business Taxation in the Engineering and Business Management Degree at the Escuela de Empresarios (EDEM).<\/p><p>He has published numerous articles relating to tax matters in specialized national press such as the newspaper Expansion. Vicente is also co-author of the book &#8220;Doing Business in the Autonomous Region of Valencia.&#8221; <\/p><h4>Education<\/h4><ul><li>Bachelor of Laws, specializing in Business Law from the University of Valencia.<\/li><li>Master&#8217;s degree in Legal Advice to Businesses, IE Business School (Instituto de Empresa, IE), Madrid.<\/li><li>Executive MBA, Universidad Europea de Madrid.<\/li><\/ul><p>[email-obfuscate email=&#8221;vicentegraullera@pmlabogadosgrupoasesor.com&#8221;]<br \/>Tel. +34 963 943 660<\/p><\/div><\/div><div class=\"gallery-bottom-box\"><div class=\"default\"><\/div><div class=\"hover\"><\/div><h3>Vicente Graullera Moroder<\/h3><h5>Partner of the Tax Department at PML Abogados, Grupo Asesor<\/h5><\/div><\/div><div class=\"paragraph team-item-list-excerpt\"><h4>Introduction<\/h4><p>Vicente Graullera Moroder joined PML Abogados, Grupo Asesor in 2013 as partner and director of the firm&#8217;s tax department.<\/p><p>He has over 25 years of experience working as a lawyer advising both national and international companies. He developed his career for 15 years, both in KPMG Abogados and PricewaterhouseCoopers (PwC). <\/p><p>President of the Department of Tax Law of the Bar Association of Valencia.<\/p><p>Vicente has worked as a lecturer on the Master&#8217;s Degree in Legal Advice of Fundaci\u00f3n de Estudios Burs\u00e1tiles y Financieros of Valencia (FEBF) on business restructuring as well as a lecturer at the Faculty of Economics at the University of Murcia.<\/p><p>He is currently a professor of Tax Law at the International University of La Rioja. He also teaches Business Taxation in the Engineering and Business Management Degree at the Escuela de Empresarios (EDEM).<\/p><p>He has published numerous articles relating to tax matters in specialized national press such as the newspaper Expansion. Vicente is also co-author of the book &#8220;Doing Business in the Autonomous Region of Valencia.&#8221; <\/p><h4>Education<\/h4><ul><li>Bachelor of Laws, specializing in Business Law from the University of Valencia.<\/li><li>Master&#8217;s degree in Legal Advice to Businesses, IE Business School (Instituto de Empresa, IE), Madrid.<\/li><li>Executive MBA, Universidad Europea de Madrid.<\/li><\/ul><p>[email-obfuscate email=&#8221;vicentegraullera@pmlabogadosgrupoasesor.com&#8221;]<br \/>Tel. +34 963 943 660<\/p><\/div><div class=\"paragraph team-item-list-link\"><a href=\"http:\/\/es.linkedin.com\/in\/vicentegraulleramoroder\" class=\"more\">Additional information<\/a><\/div><\/li><\/ul><\/div>\n","protected":false},"excerpt":{"rendered":"","protected":false},"author":1,"featured_media":0,"parent":0,"menu_order":1,"comment_status":"open","ping_status":"open","template":"","meta":{"footnotes":""},"class_list":["post-1323","page","type-page","status-publish","hentry"],"_links":{"self":[{"href":"https:\/\/www.pmlabogadosgrupoasesor.com\/en\/wp-json\/wp\/v2\/pages\/1323","targetHints":{"allow":["GET"]}}],"collection":[{"href":"https:\/\/www.pmlabogadosgrupoasesor.com\/en\/wp-json\/wp\/v2\/pages"}],"about":[{"href":"https:\/\/www.pmlabogadosgrupoasesor.com\/en\/wp-json\/wp\/v2\/types\/page"}],"author":[{"embeddable":true,"href":"https:\/\/www.pmlabogadosgrupoasesor.com\/en\/wp-json\/wp\/v2\/users\/1"}],"replies":[{"embeddable":true,"href":"https:\/\/www.pmlabogadosgrupoasesor.com\/en\/wp-json\/wp\/v2\/comments?post=1323"}],"version-history":[{"count":6,"href":"https:\/\/www.pmlabogadosgrupoasesor.com\/en\/wp-json\/wp\/v2\/pages\/1323\/revisions"}],"predecessor-version":[{"id":2098,"href":"https:\/\/www.pmlabogadosgrupoasesor.com\/en\/wp-json\/wp\/v2\/pages\/1323\/revisions\/2098"}],"wp:attachment":[{"href":"https:\/\/www.pmlabogadosgrupoasesor.com\/en\/wp-json\/wp\/v2\/media?parent=1323"}],"curies":[{"name":"wp","href":"https:\/\/api.w.org\/{rel}","templated":true}]}}

<div class="layout-p-50x50 clear-fix "><br />
<div class="column-left paragraph"><br />
<img loading="lazy" decoding="async" class="alignnone wp-image-1213 size-full" src="http://www.pmlabogadosgrupoasesor.com/wp-content/uploads/2014/11/Quinenes-somos.jpg" alt="Quiénes somos" width="480" height="320" srcset="https://www.pmlabogadosgrupoasesor.com/wp-content/uploads/2014/11/Quinenes-somos.jpg 480w, https://www.pmlabogadosgrupoasesor.com/wp-content/uploads/2014/11/Quinenes-somos-300x200.jpg 300w" sizes="auto, (max-width: 480px) 100vw, 480px" /><br />
</div><br />
<div class="column-right paragraph"><br />
<h3 class="top-0">PML Abogados, Grupo Asesor<span class="underline"></span></h3></p>
<p><strong>PML Abogados, Grupo Asesor</strong> is a firm specializing in providing legal and tax services to both companies and individuals, highlighting our areas of Banking, Insolvency, Commercial, Civil and Tax Law.</p>
<p><strong>PML Abogados, Grupo Asesor</strong> is formed by a team of professionals who are highly specialized and have gained extensive experience in renowned law firms.</p>
<p>We offer the quality, the efficiency and the guarantee of a large Firm combined with high added value: providing closer personal attention to our clients.</p>
<p>Our team is made up of 12 professionals. <a title="Perfil en Linkedin de Antonio Pérez-Manglano Ordovás" href="http://es.linkedin.com/pub/antonio-pérez-manglano-ordovás/33/490/86">Antonio Pérez-Manglano Ordovás</a> is the Director of the Legal Department and <a title="Perfil en Linkedin de Vicente Graullera Moroder" href="http://es.linkedin.com/in/vicentegraulleramoroder">Vicente Graullera Moroder</a> is the Director of the Tax Department.</p>
<p>Additionally, we have an extensive network of national and international associates, who regularly collaborate with us.</p>
<p></div><br />
</div>
<div class="clear-fix team team-carousel-disable team-header-enable " id="team-7DB3341AD1C6FC0218A4A050ABA0B48E"><h3 class="top-0">Our team<span class="underline"></span></h3><ul class="list-0 clear-fix team-list layout-p-50x50"><li class="column-left"><div class="clear-fix single-image"><div><div><a href="http://es.linkedin.com/pub/antonio-pérez-manglano-ordovás/33/490/86" class="preloader target-blank overlay-url" ><img decoding="async" src="https://www.pmlabogadosgrupoasesor.com/wp-content/uploads/2014/11/Equipo-antonio-480x240.jpg" alt="Antonio Pérez-Manglano Ordovás" /></a></div><div class="hidden"><h4>Introduction</h4><p>Antonio Pérez-Manglano Ordovás, founding partner of PML Abogados, Grupo Asesor. He is the director and responsible for the litigation, commercial and civil department of the firm. </p><p>He has over 20 years of experience working as a lawyer providing legal advice to companies and financial and credit institutions. Hence, Antonio has worked for 15 years advising Caja de Ahorros y Pensiones de Barcelona &#8211; La Caixa &#8211; at the Territorial Delegation of the Autonomous Community of Valencia and Murcia on litigation and commercial matters.</p><p>Likewise, since 1994, Antonio has been working as a lawyer for Unión de Créditos Inmobiliarios, Establecimiento Financiero de Crédito, S.A., a company which belongs to Grupo Santander and BNP PARIBAS. </p><h4>Education</h4><ul><li>Bachelor of Laws, specializing in Private Law from the University of Valencia.</li><li>He has successfully completed PhD courses in Commercial Law at the University of Valencia, as well as several postgraduate and specialization courses.</li></ul><p>[email-obfuscate email=&#8221;perezmanglano@pmlabogadosgrupoasesor.com&#8221;]<br />Tel. +34 963 943 660</p></div></div><div class="gallery-bottom-box"><div class="default"></div><div class="hover"></div><h3>Antonio Pérez-Manglano Ordovás</h3><h5>Partner of the Legal and Litigation Department at PML Abogados, Grupo Asesor</h5></div></div><div class="paragraph team-item-list-excerpt"><h4>Introduction</h4><p>Antonio Pérez-Manglano Ordovás, founding partner of PML Abogados, Grupo Asesor. He is the director and responsible for the litigation, commercial and civil department of the firm. </p><p>He has over 20 years of experience working as a lawyer providing legal advice to companies and financial and credit institutions. Hence, Antonio has worked for 15 years advising Caja de Ahorros y Pensiones de Barcelona &#8211; La Caixa &#8211; at the Territorial Delegation of the Autonomous Community of Valencia and Murcia on litigation and commercial matters.</p><p>Likewise, since 1994, Antonio has been working as a lawyer for Unión de Créditos Inmobiliarios, Establecimiento Financiero de Crédito, S.A., a company which belongs to Grupo Santander and BNP PARIBAS. </p><h4>Education</h4><ul><li>Bachelor of Laws, specializing in Private Law from the University of Valencia.</li><li>He has successfully completed PhD courses in Commercial Law at the University of Valencia, as well as several postgraduate and specialization courses.</li></ul><p>[email-obfuscate email=&#8221;perezmanglano@pmlabogadosgrupoasesor.com&#8221;]<br />Tel. +34 963 943 660</p></div><div class="paragraph team-item-list-link"><a href="http://es.linkedin.com/pub/antonio-pérez-manglano-ordovás/33/490/86" class="more">Additional information</a></div></li><li class="column-right"><div class="clear-fix single-image"><div><div><a href="http://es.linkedin.com/in/vicentegraulleramoroder" class="preloader target-blank overlay-url" ><img decoding="async" src="https://www.pmlabogadosgrupoasesor.com/wp-content/uploads/2012/11/Equipo-vicente-480x240.jpg" alt="Vicente Graullera Moroder" /></a></div><div class="hidden"><h4>Introduction</h4><p>Vicente Graullera Moroder joined PML Abogados, Grupo Asesor in 2013 as partner and director of the firm&#8217;s tax department.</p><p>He has over 25 years of experience working as a lawyer advising both national and international companies. He developed his career for 15 years, both in KPMG Abogados and PricewaterhouseCoopers (PwC). </p><p>President of the Department of Tax Law of the Bar Association of Valencia.</p><p>Vicente has worked as a lecturer on the Master&#8217;s Degree in Legal Advice of Fundación de Estudios Bursátiles y Financieros of Valencia (FEBF) on business restructuring as well as a lecturer at the Faculty of Economics at the University of Murcia.</p><p>He is currently a professor of Tax Law at the International University of La Rioja. He also teaches Business Taxation in the Engineering and Business Management Degree at the Escuela de Empresarios (EDEM).</p><p>He has published numerous articles relating to tax matters in specialized national press such as the newspaper Expansion. Vicente is also co-author of the book &#8220;Doing Business in the Autonomous Region of Valencia.&#8221; </p><h4>Education</h4><ul><li>Bachelor of Laws, specializing in Business Law from the University of Valencia.</li><li>Master&#8217;s degree in Legal Advice to Businesses, IE Business School (Instituto de Empresa, IE), Madrid.</li><li>Executive MBA, Universidad Europea de Madrid.</li></ul><p>[email-obfuscate email=&#8221;vicentegraullera@pmlabogadosgrupoasesor.com&#8221;]<br />Tel. +34 963 943 660</p></div></div><div class="gallery-bottom-box"><div class="default"></div><div class="hover"></div><h3>Vicente Graullera Moroder</h3><h5>Partner of the Tax Department at PML Abogados, Grupo Asesor</h5></div></div><div class="paragraph team-item-list-excerpt"><h4>Introduction</h4><p>Vicente Graullera Moroder joined PML Abogados, Grupo Asesor in 2013 as partner and director of the firm&#8217;s tax department.</p><p>He has over 25 years of experience working as a lawyer advising both national and international companies. He developed his career for 15 years, both in KPMG Abogados and PricewaterhouseCoopers (PwC). </p><p>President of the Department of Tax Law of the Bar Association of Valencia.</p><p>Vicente has worked as a lecturer on the Master&#8217;s Degree in Legal Advice of Fundación de Estudios Bursátiles y Financieros of Valencia (FEBF) on business restructuring as well as a lecturer at the Faculty of Economics at the University of Murcia.</p><p>He is currently a professor of Tax Law at the International University of La Rioja. He also teaches Business Taxation in the Engineering and Business Management Degree at the Escuela de Empresarios (EDEM).</p><p>He has published numerous articles relating to tax matters in specialized national press such as the newspaper Expansion. Vicente is also co-author of the book &#8220;Doing Business in the Autonomous Region of Valencia.&#8221; </p><h4>Education</h4><ul><li>Bachelor of Laws, specializing in Business Law from the University of Valencia.</li><li>Master&#8217;s degree in Legal Advice to Businesses, IE Business School (Instituto de Empresa, IE), Madrid.</li><li>Executive MBA, Universidad Europea de Madrid.</li></ul><p>[email-obfuscate email=&#8221;vicentegraullera@pmlabogadosgrupoasesor.com&#8221;]<br />Tel. +34 963 943 660</p></div><div class="paragraph team-item-list-link"><a href="http://es.linkedin.com/in/vicentegraulleramoroder" class="more">Additional information</a></div></li></ul></div>
